
2, 5, 439
Let p(q) = -q + 14. Let d be p(8). Suppose -d*y = 4 - 172. Suppose 240 = -23*u + y*u. List the prime factors of u.
2, 3
Let l = -98 + 133. List the prime factors of -1 + 2*l + (-8 - -6).
67
Suppose -x - 271 + 762 = k, -2*k + 2*x = -978. List the prime factors of (-420)/k*-298*(-14)/(-4).
2, 3, 149
Let k(z) = -4*z**3 + 3*z**2 - 4. Let n be k(-2). Let o = -8 + n. List the prime factors of o.
2
Let p = -75 + 88. Let i(a) = 4*a**2 - 21*a - 26. List the prime factors of i(p).
13, 29
Let r(y) = 8*y + 260. Let u be r(-32). Suppose -964 = -3*n - 5*l, -u*l + 7*l = 5*n - 1584. List the prime factors of n.
2, 3, 53
Let d(q) = 6*q**3 + 5*q**2 - 13*q + 4. Let l(w) = 5*w**3 + 4*w**2 - 10*w + 3. Let n(t) = 6*d(t) - 7*l(t). List the prime factors of n(4).
67
Let a be 3*24*(-335)/(-20). Suppose 5*x - 5*v = 3040, 4*v + a = -x + 3*x. What are the prime factors of x?
613
Let i = 148 - 129. Suppose i*l + 815 = 24*l. What are the prime factors of l?
163
Suppose -r - o + 18 = o, 0 = 4*o - 12. Let q = 658 - 656. Suppose q*c = -r + 146. List the prime factors of c.
67
Let v = -292 + 512. Let n = v + 5. What are the prime factors of n?
3, 5
Let k(p) = 123*p**2 - 3*p**3 - 11 - 2 - 112*p**2 + 11*p + 2*p**3. List the prime factors of k(10).
197
Suppose -95*v + 90*v + 6330 = 0. Let a = v - 835. What are the prime factors of a?
431
Suppose 4*j - j - 2*w - 157 = 0, -3*j + 5*w + 145 = 0. Suppose -60*q + j*q = 5*k - 5840, 0 = -5*k + 5. What are the prime factors of q?
3, 389
Suppose 0 = -p - 3*y + 23 + 3, -68 = -4*p - 3*y. Suppose p*z = 13*z + 106. What are the prime factors of z?
2, 53
Suppose 59*s - 1721740 = 7*s - 498440. What are the prime factors of s?
5, 941
Suppose -3*q - 5 = -11. Let c(z) = 1 + 3*z - q + 9*z - 7. What are the prime factors of c(5)?
2, 13
Let o be 7/((-14)/2) + (1 - -28). Let h = o - 16. Suppose 7*x + 170 = h*x. What are the prime factors of x?
2, 17
Let h be (9540/63)/(3*3/63). Suppose -5*k = 0, -5*k - 338 - h = -2*g. List the prime factors of g.
3, 233
Let a be 22576/22 + 88/(-484). Let t = a - 541. List the prime factors of t.
5, 97
Suppose 5*y - 3*m = 57069, 9*y - m + 79907 = 16*y. What are the prime factors of y?
3, 5, 761
Let k = -48 - -18. List the prime factors of k/(-135) + 1222/9.
2, 17
Let x(r) = 13*r**3 + 5*r**2 + 5*r - 9. Let c be x(4). Let q = c - 652. Suppose 3*z + 184 = 2*j + 2, 4*z + q = 3*j. List the prime factors of j.
5, 17
Suppose -275*d + 1476903 = 767940 - 3020312. What are the prime factors of d?
71, 191
Let j(o) be the first derivative of 9*o**3 - 22*o**2 + 267*o + 313. What are the prime factors of j(6)?
3, 5, 13
Suppose 0 = 3*m + 3*y - 168, 0 = -2*y - 0 + 2. What are the prime factors of (1 - -1) + -16*m/(-5)?
2, 89
Suppose -76*s = -77*s + 257. Let x = s + 135. What are the prime factors of x?
2, 7
Let q = 730 - -250. Suppose -4*r = 6*r - q. List the prime factors of r.
2, 7
Let m = -254 - -393. Let i = -57 + m. Let z = 190 - i. List the prime factors of z.
2, 3
Suppose 0 = a - 2*y + 2, -3*y - 2*y + 10 = 0. Suppose -35 = -5*l - a*l. Suppose -210 = g - l*g + 2*q, -3*g - q = -150. List the prime factors of g.
3, 17
Let p(i) = -2402*i - 7506. List the prime factors of p(-11).
2, 4729
Let z(l) = -l**3 - 9*l**2 - 8*l - 36. Let x be (-40)/14*(-161)/(-46). What are the prime factors of z(x)?
2, 3
Let y(k) be the third derivative of k**7/840 - k**6/80 - 17*k**5/60 - 15*k**2. Let x(f) be the third derivative of y(f). What are the prime factors of x(13)?
3, 23
Let z(l) = -229*l - 51. Let h = 96 - 100. What are the prime factors of z(h)?
5, 173
Let c(f) = -5*f**2 - 2*f + 4*f**2 - 3*f + 0*f - 3. Let q be c(5). List the prime factors of (q + (-1)/1)*2/(-4).
3
Suppose 4*t + 0*t - 138 = -2*b, 5*b + 4*t = 375. Let v = b - -72. What are the prime factors of v?
151
Suppose 3*m = 3*r, 2*r = 4*r. Let q(y) = -y - 5. Let b be q(m). Let j(w) = 4*w**2 - 5*w - 13. List the prime factors of j(b).
2, 7
Let u be 1 + (-285)/(-6)*4. Let f = 669 - u. What are the prime factors of f?
2, 239
Suppose 78*z - 79*z + 30856 = 2*d, 3*z + 5*d = 92569. What are the prime factors of z?
2, 3, 37, 139
Let c(z) = -652*z - 5402. List the prime factors of c(-57).
2, 15881
Suppose 16 = -2049*s + 2047*s, 0 = -j + 5*s + 48598. What are the prime factors of j?
2, 3, 8093
Suppose 45*s - 373337 = -58922. What are the prime factors of s?
3, 17, 137
Let j be (-25)/(-20) - (-62)/8. Suppose -j*q + 2107 + 647 = 0. What are the prime factors of q?
2, 3, 17
Suppose 26 = -3*a - 5*x, 4*a + 38 = -4*x - 2. Let v(g) = 8*g**2 + 4*g - 8. What are the prime factors of v(a)?
2, 137
Let i = 84 + -93. Let c be 2/i + (-120)/(-54). Suppose -1160 = -c*x - 3*x. What are the prime factors of x?
2, 29
Let a = 14306 - 9713. What are the prime factors of a?
3, 1531
List the prime factors of 30/(-12) - (-1915335)/90.
3, 41, 173
Let b(h) = -7*h + 3. Let k be b(0). Suppose k*x = -17*x + 660. What are the prime factors of x?
3, 11
Let m(w) = -w + 9. Let d be m(7). Suppose 5*s + 708 = u + 3*u, 4*u + d*s = 736. List the prime factors of u + -2 + 10/5.
2, 7, 13
Suppose -16639 = -91*k + 48881. Let b = -59 + 88. Suppose b*i - 32*i + k = 0. List the prime factors of i.
2, 3, 5
Suppose -145*t + 140*t - 4*p + 130453 = 0, 5*t - p = 130493. What are the prime factors of t?
3, 8699
Let n(u) = 57*u**2 + 3*u + 2. Let q be n(-2). Let o be (-4028)/26 - (-14)/(-182). Let g = o + q. What are the prime factors of g?
3, 23
Let b(f) = f**3 + 6*f**2 - 218*f + 35. List the prime factors of b(-16).
3, 107
Suppose -3*v = -p - 4*p + 422, 0 = 3*v + 12. Let b = 313 + p. List the prime factors of b.
5, 79
Suppose -13*d + 9*d = -12672. Suppose -3*k - 3*k + d = 0. What are the prime factors of k?
2, 3, 11
Let u(d) = -3*d + 79. Let h be u(25). Suppose -2*f + 6*f - 210 = -x, h*f - 2*x = 204. List the prime factors of f.
2, 13
Suppose 7*l - 29*l = -220. Let g(x) be the second derivative of -x**5/20 + 11*x**4/12 - x**3/3 - 11*x**2/2 - x. List the prime factors of g(l).
3, 23
Let b be 6/(-10) + 156/60. Suppose -81 = 7*g + b*g. Let k(m) = m**2 + 2*m + 4. What are the prime factors of k(g)?
67
Suppose 32*o - 279603 - 252749 = 0. What are the prime factors of o?
2, 4159
Suppose -232 - 168 = 8*p. Let i = -45 - p. Suppose i*v - 143 = -6*v. List the prime factors of v.
13
Suppose 4*a + 5 = 3*a, -5*a = 4*o - 383. Let p = -121 + o. Let y = 137 + p. List the prime factors of y.
2, 59
Let w(a) = a**3 + 14*a**2 - 11*a. Let i be w(-13). Suppose 21*k - 33*k + i = 0. List the prime factors of k.
2, 13
Let p = 112 + -193. Let d = -68 - p. Suppose 5*x + 25 = 0, 3*o + 5*x - 25 - d = 0. What are the prime factors of o?
3, 7
Suppose 4*w = -2*g - 22, -27 = 4*w + 4*g - g. Let n(c) = -19*c**3 + 2*c**2 + 5*c + 4. Let l be n(w). Suppose l = b + 12*b. What are the prime factors of b?
2, 5
Suppose 27191 + 34984 + 48453 = 12*v. What are the prime factors of v?
3, 7, 439
Let s(r) = 0*r**2 - r**2 + 2*r**2 + 0*r**2 - 24*r - 21. Let n be s(16). Let j = 216 + n. List the prime factors of j.
67
What are the prime factors of (-360310)/(-45) - (-10)/(-45)*3/(-6)?
3, 17, 157
Let h = -20955 + 31868. What are the prime factors of h?
7, 1559
Suppose 0 = -y + 4*x - 85 + 891, 0 = -x + 2. What are the prime factors of y?
2, 11, 37
Let f(x) = -x**2 - x + 6. Let v be f(-3). Suppose 3*w - 33 = r, 2*r + v*w - 3*w = -81. What are the prime factors of ((-56)/r)/((-1)/(-42))?
7
Let v be 2/(-4) - ((-4075)/(-10) + 5). Let d = v - -816. What are the prime factors of d?
13, 31
Let l(w) = w**3 - 12*w**2 + 13*w - 4. Let t be (-6 - -5)/((-6)/(-8) + -1). Suppose 17 = t*b - 27. What are the prime factors of l(b)?
2, 3
Suppose 0 = 34*j + 161 - 25. Let b be 0 + 1 - (2570 - 1). List the prime factors of b/(-32) + 5/j.
79
Let y = 126 - 123. Suppose 2*d = 0, -b + y*b + 4*d = 392. What are the prime factors of b?
2, 7
Suppose -16*b - 75 = -411. List the prime factors of -5 + 517 - b/(-7).
5, 103
Suppose -5*m + 25*f + 7381 = 21*f, -f = -5*m + 7369. List the prime factors of m.
3, 491
Let m(o) = 339*o**2 + 6*o**3 - 9 - 7*o - 7*o**3 - 322*o**2. What are the prime factors of m(9)?
2, 3
Let n = 81 + -77. Suppose -n*b + 70 = 26. List the prime factors of ((-6)/4)/(((-198)/2760)/b).
2, 5, 23
Suppose -4*q - 16645 - 12879 = -2*o, 9*q = -4*o + 59167. List the prime factors of o.
2, 1847
Let q(c) = -